{"id":6,"date":"2012-01-07T20:20:06","date_gmt":"2012-01-07T20:20:06","guid":{"rendered":"http:\/\/www.rafafont.eu\/blog\/?page_id=6"},"modified":"2022-11-29T10:08:03","modified_gmt":"2022-11-29T09:08:03","slug":"quien-soy","status":"publish","type":"page","link":"https:\/\/www.rafafont.eu\/blog\/quien-soy\/","title":{"rendered":"Rafa Font"},"content":{"rendered":"<p><a href=\"https:\/\/www.rafafont.eu\/blog\/wp-content\/uploads\/2012\/01\/Rafael3.gif\"><img decoding=\"async\" loading=\"lazy\" class=\"size-full wp-image-18\" title=\"Rafa Font (por Yayo)\" src=\"https:\/\/www.rafafont.eu\/blog\/wp-content\/uploads\/2012\/01\/Rafael3.gif\" alt=\"Rafa Font (por Yayo)\" width=\"119\" height=\"171\"><\/a><\/p>\n<div style=\"text-align: left;\">&nbsp;<\/div>\n<p>Soy Rafa Font,&nbsp;<em><a href=\"http:\/\/www.equomunidad.org\/es\/users\/boronat\">boronat<\/a><\/em>&nbsp;en la Equomunidad,&nbsp;<em><a href=\"https:\/\/mastodon.online\/@rafa_font\">@Rafa_Font<\/a><\/em> en Mastodon, y <em>Rafael Fern\u00e1ndez-Font P\u00e9rez<\/em>&nbsp;en las papeletas electorales.<\/p>\n<p>Nac\u00ed en Avil\u00e9s, Asturias, en el a\u00f1o 79. Me gradu\u00e9 en Ingenier\u00eda T\u00e9cnica en Inform\u00e1tica en la Universidad de Oviedo, y he dedicado mi vida profesional a la inform\u00e1tica. En los \u00faltimos a\u00f1os he trabajado para las instituciones europeas y en la actualidad soy funcionario de la Direcci\u00f3n General de Finanzas del Parlamento Europeo, en Bruselas.<\/p>\n<p>En la Universidad me form\u00e9 tambi\u00e9n como ciudadano activo, y mi primera participaci\u00f3n pol\u00edtica fue en las municipales del 99, con Los Verdes de Asturias. Me afili\u00e9 poco m\u00e1s tarde, y fue a partir del 2007 cuando reforc\u00e9 mi actividad. En ese momento contribu\u00ed a la reconstrucci\u00f3n del movimiento verde en Espa\u00f1a creando grupos de trabajo pol\u00edtico, y formando junto con las bases verdes la Coordinadora Verde, en la que fui elegido dos veces coordinador de los grupos de trabajo.&nbsp;Esos grupos de trabajo son hoy el germen de varios de los grupos de trabajo tem\u00e1ticos de Equo. Desde mediados del pasado a\u00f1o soy co-coordinador de los mismos.<\/p>\n<p>Mi principal motivaci\u00f3n pol\u00edtica es la visi\u00f3n de un mundo que considero injusto, que deja morir y malvivir a un gran n\u00famero de personas, mientras expolia el medio ambiente, esclaviza e intoxica mano de obra, y nos mantiene a los ricos del primer mundo en una rueda de consumo que alimenta todo lo dem\u00e1s. Cuando Amy Leonard public\u00f3 su v\u00eddeo &#8220;<em>The Story of Stuff<\/em>&#8220;, me sent\u00ed muy identificado, tanto que me gusta definir mi ideolog\u00eda pol\u00edtica con <a href=\"http:\/\/www.storyofstuff.org\/movies-all\/story-of-stuff\/\">&#8220;La Historia de las cosas&#8221;<\/a>.<\/p>\n<p>Participo en pol\u00edtica pensando en el 2050, en un mundo que sea capaz de alimentar y de mantener saludable y feliz a sus 9mil millones de habitantes. Para conseguir eso, es imprescindible invertir en las tecnolog\u00edas verdes adecuadas, frenar el cambio clim\u00e1tico, sacar a la poblaci\u00f3n de la pobreza, mejorar la educaci\u00f3n y aumentar la supervivencia de los ni\u00f1os en todo el mundo. Para Hans Rosling, uno de mis grandes est\u00edmulos intelectuales, &#8220;<a href=\"http:\/\/www.ted.com\/talks\/hans_rosling_on_global_population_growth.html\">Child survival is the new green<\/a>&#8221; porque s\u00f3lo as\u00ed se detendr\u00e1 el crecimiento poblacional y habr\u00e1 recursos para todos. Rosling plantea que el rol del mundo occidental en el que vivimos es poner las bases para que esos cambios ocurran. Por ejemplo, creando tecnolog\u00edas verdes abiertas.<\/p>\n<p>Soy miembro de muchas organizaciones, entre las que mi favorita es &#8220;<a href=\"http:\/\/www.isf.es\/\">Ingenier\u00eda Sin Fronteras<\/a>&#8220;. A la que m\u00e1s tiempo le he dedicado ha sido a Los Verdes, primero a la <a href=\"http:\/\/coordinadoraverde.es\/\">Coordinadora Verde<\/a> y ahora a <a href=\"http:\/\/www.equova.org\/\">Equo<\/a>,&nbsp;porque considero que la v\u00eda pol\u00edtica es una clave para cambiar el mundo, desde luego no la \u00fanica. Hay que llegar a los centros de decisi\u00f3n para emprender acciones diferentes a las que se est\u00e1n tomando ahora. Y no vale s\u00f3lo con reemplazar a los que ya est\u00e1n, sino que hay que cambiar a la vez el sistema para darles voz, y voto, todos los d\u00edas, a quienes ahora no la tienen.<\/p>\n<p>Para contactar conmigo se me puede encontrar habitualmente tanto en Mastodon (<a rel=\"me\" href=\"https:\/\/mastodon.online\/@rafa_font\">Mastodon<\/a>) como en la Equomunidad, y tambi\u00e9n estoy disponible a trav\u00e9s de este <a href=\"mailto:rafa.font@rafafont.eu\">email<\/a>.<\/p>\n<p>La caricatura es un regalo de un compa\u00f1ero de facultad, <a href=\"http:\/\/yayocaturas.blogspot.com\">Yayo<\/a>.<\/p>\n<p>&nbsp;<\/p>\n","protected":false},"excerpt":{"rendered":"<p>&nbsp; Soy Rafa Font,&nbsp;boronat&nbsp;en la Equomunidad,&nbsp;@Rafa_Font en Mastodon, y Rafael Fern\u00e1ndez-Font P\u00e9rez&nbsp;en las papeletas electorales. Nac\u00ed en Avil\u00e9s, Asturias, en el a\u00f1o 79. Me gradu\u00e9 en Ingenier\u00eda T\u00e9cnica en Inform\u00e1tica en la Universidad de Oviedo, y he dedicado mi vida profesional a la inform\u00e1tica. En los \u00faltimos a\u00f1os he trabajado para las instituciones europeas y [&hellip;]<\/p>\n","protected":false},"author":1,"featured_media":0,"parent":0,"menu_order":0,"comment_status":"closed","ping_status":"closed","template":"","meta":{"_s2mail":""},"_links":{"self":[{"href":"https:\/\/www.rafafont.eu\/blog\/wp-json\/wp\/v2\/pages\/6"}],"collection":[{"href":"https:\/\/www.rafafont.eu\/blog\/wp-json\/wp\/v2\/pages"}],"about":[{"href":"https:\/\/www.rafafont.eu\/blog\/wp-json\/wp\/v2\/types\/page"}],"author":[{"embeddable":true,"href":"https:\/\/www.rafafont.eu\/blog\/wp-json\/wp\/v2\/users\/1"}],"replies":[{"embeddable":true,"href":"https:\/\/www.rafafont.eu\/blog\/wp-json\/wp\/v2\/comments?post=6"}],"version-history":[{"count":10,"href":"https:\/\/www.rafafont.eu\/blog\/wp-json\/wp\/v2\/pages\/6\/revisions"}],"predecessor-version":[{"id":20,"href":"https:\/\/www.rafafont.eu\/blog\/wp-json\/wp\/v2\/pages\/6\/revisions\/20"}],"wp:attachment":[{"href":"https:\/\/www.rafafont.eu\/blog\/wp-json\/wp\/v2\/media?parent=6"}],"curies":[{"name":"wp","href":"https:\/\/api.w.org\/{rel}","templated":true}]}}

<p><a href="https://www.rafafont.eu/blog/wp-content/uploads/2012/01/Rafael3.gif"><img decoding="async" loading="lazy" class="size-full wp-image-18" title="Rafa Font (por Yayo)" src="https://www.rafafont.eu/blog/wp-content/uploads/2012/01/Rafael3.gif" alt="Rafa Font (por Yayo)" width="119" height="171"></a></p>
<div style="text-align: left;">&nbsp;</div>
<p>Soy Rafa Font,&nbsp;<em><a href="http://www.equomunidad.org/es/users/boronat">boronat</a></em>&nbsp;en la Equomunidad,&nbsp;<em><a href="https://mastodon.online/@rafa_font">@Rafa_Font</a></em> en Mastodon, y <em>Rafael Fernández-Font Pérez</em>&nbsp;en las papeletas electorales.</p>
<p>Nací en Avilés, Asturias, en el año 79. Me gradué en Ingeniería Técnica en Informática en la Universidad de Oviedo, y he dedicado mi vida profesional a la informática. En los últimos años he trabajado para las instituciones europeas y en la actualidad soy funcionario de la Dirección General de Finanzas del Parlamento Europeo, en Bruselas.</p>
<p>En la Universidad me formé también como ciudadano activo, y mi primera participación política fue en las municipales del 99, con Los Verdes de Asturias. Me afilié poco más tarde, y fue a partir del 2007 cuando reforcé mi actividad. En ese momento contribuí a la reconstrucción del movimiento verde en España creando grupos de trabajo político, y formando junto con las bases verdes la Coordinadora Verde, en la que fui elegido dos veces coordinador de los grupos de trabajo.&nbsp;Esos grupos de trabajo son hoy el germen de varios de los grupos de trabajo temáticos de Equo. Desde mediados del pasado año soy co-coordinador de los mismos.</p>
<p>Mi principal motivación política es la visión de un mundo que considero injusto, que deja morir y malvivir a un gran número de personas, mientras expolia el medio ambiente, esclaviza e intoxica mano de obra, y nos mantiene a los ricos del primer mundo en una rueda de consumo que alimenta todo lo demás. Cuando Amy Leonard publicó su vídeo &#8220;<em>The Story of Stuff</em>&#8220;, me sentí muy identificado, tanto que me gusta definir mi ideología política con <a href="http://www.storyofstuff.org/movies-all/story-of-stuff/">&#8220;La Historia de las cosas&#8221;</a>.</p>
<p>Participo en política pensando en el 2050, en un mundo que sea capaz de alimentar y de mantener saludable y feliz a sus 9mil millones de habitantes. Para conseguir eso, es imprescindible invertir en las tecnologías verdes adecuadas, frenar el cambio climático, sacar a la población de la pobreza, mejorar la educación y aumentar la supervivencia de los niños en todo el mundo. Para Hans Rosling, uno de mis grandes estímulos intelectuales, &#8220;<a href="http://www.ted.com/talks/hans_rosling_on_global_population_growth.html">Child survival is the new green</a>&#8221; porque sólo así se detendrá el crecimiento poblacional y habrá recursos para todos. Rosling plantea que el rol del mundo occidental en el que vivimos es poner las bases para que esos cambios ocurran. Por ejemplo, creando tecnologías verdes abiertas.</p>
<p>Soy miembro de muchas organizaciones, entre las que mi favorita es &#8220;<a href="http://www.isf.es/">Ingeniería Sin Fronteras</a>&#8220;. A la que más tiempo le he dedicado ha sido a Los Verdes, primero a la <a href="http://coordinadoraverde.es/">Coordinadora Verde</a> y ahora a <a href="http://www.equova.org/">Equo</a>,&nbsp;porque considero que la vía política es una clave para cambiar el mundo, desde luego no la única. Hay que llegar a los centros de decisión para emprender acciones diferentes a las que se están tomando ahora. Y no vale sólo con reemplazar a los que ya están, sino que hay que cambiar a la vez el sistema para darles voz, y voto, todos los días, a quienes ahora no la tienen.</p>
<p>Para contactar conmigo se me puede encontrar habitualmente tanto en Mastodon (<a rel="me" href="https://mastodon.online/@rafa_font">Mastodon</a>) como en la Equomunidad, y también estoy disponible a través de este <a href="mailto:rafa.font@rafafont.eu">email</a>.</p>
<p>La caricatura es un regalo de un compañero de facultad, <a href="http://yayocaturas.blogspot.com">Yayo</a>.</p>
<p>&nbsp;</p>

<p>&nbsp; Soy Rafa Font,&nbsp;boronat&nbsp;en la Equomunidad,&nbsp;@Rafa_Font en Mastodon, y Rafael Fernández-Font Pérez&nbsp;en las papeletas electorales. Nací en Avilés, Asturias, en el año 79. Me gradué en Ingeniería Técnica en Informática en la Universidad de Oviedo, y he dedicado mi vida profesional a la informática. En los últimos años he trabajado para las instituciones europeas y [&hellip;]</p>
